+ 4 = 0, 4 = -4*o + c. What is the remainder when 25 is divided by (3 - 0 - o) + 26/2?
8
Suppose -a + 37 = 2*s, 5*s + 161 = -19*a + 23*a. Let v be 2 - (-1)/(1/2). Let o = v - -2. What is the remainder when a is divided by o?
3
Suppose -299*n + 302*n - 1278 = 0. Calculate the remainder when n is divided by 18.
12
Suppose -55*i + 52*i + 5*l + 23 = 0, 2*l = -4*i + 48. What is the remainder when 205 is divided by i?
7
Let b(y) = 81*y - 187. What is the remainder when 663 is divided by b(5)?
9
Let q = 0 + 5. Suppose -z + 141 = -4*g, 0*g + q*z = -2*g - 65. Let y = g + 45. What is the remainder when 39 is divided by y?
9
Let n = -32 - -64. Let q(f) = -f**2 - 37*f + 205. What is the remainder when q(-39) is divided by n?
31
Suppose 15*r + r - 496 = 0. Calculate the remainder when 382 is divided by r/(217/(-210))*4/(-10).
10
Suppose -24*d + 16*d = -72. Suppose 0 = d*s + 12 - 30. Suppose -s*x - 12 = 2*x, k - 38 = -5*x. Calculate the remainder when k is divided by 28.
25
Let p = 8 + 24. Suppose -46402 + 1111 = -487*d. Calculate the remainder when d is divided by p.
29
Suppose 5*c = -2*s + 4 + 11, -2*c + 6 = 4*s. What is the remainder when c*102/7*(-28)/(-18) is divided by 24?
20
Let k = 748 + -688. Calculate the remainder when 843 is divided by k.
3
Suppose -13 = o - 11, -o + 516 = 2*d. What is the remainder when 522 is divided by d?
4
Let q be (3 - 35/10)/((-6)/(-624)). What is the remainder when 43 is divided by (-8)/q - (-2552)/143?
7
Suppose 0 - 3 = m + r, m + 3*r = -1. What is the remainder when (-3798)/(-48) - (-7)/(-56) is divided by 3/(1 + m/6)?
7
Suppose 4*n = -3*v + 7 + 22, -n = -3*v - 11. Suppose n = -3*g + 26. Calculate the remainder when 22 is divided by g.
4
Let o = -2137 - -2245. What is the remainder when 860 is divided by o?
104
Suppose 56*d - 2386 = -139*d + 1709. Calculate the remainder when 1572 is divided by d.
18
Let s = -34 - -59. Suppose -1444*z = -1430*z - 196. What is the remainder when s is divided by z?
11
Suppose 5*k + 24 - 59 = 0. Let z(f) = 40*f**2 + 19*f - 54. Let s be z(4). Let w = s - 601. Calculate the remainder when w is divided by k.
5
What is the remainder when 5375 is divided by 10/60 + (3729/18)/11?
17
Let l = 878 - 878. Suppose 5*n = 4*f - 188, f - 2*f - 4*n + 68 = l. Calculate the remainder when f is divided by -22*((-3)/2 + 1).
8
Suppose 4*l = 2*w + 558, 13*w - 17*w = 28. Calculate the remainder when 374 is divided by l.
102
Let z(r) = -r + 1. Let f(v) = -v**2 + v + 119. Let n(u) = -f(u) - 4*z(u). What is the remainder when n(10) is divided by 4?
3
Let r = -89 + 147. What is the remainder when r is divided by 47?
11
Let n(a) be the second derivative of -a**5/20 + 3*a**2 - a. Let p(l) = 130*l + 9653. Calculate the remainder when p(-74) is divided by n(0).
3
Suppose k + 345*r = 346*r + 2933, k - 2936 = 4*r. Calculate the remainder when k is divided by 154.
6
Suppose 0 = p + 2 - 3, 3*c + 12 = 3*p. Let q be (-32)/c - 18/27. Suppose -3*o = -q*o + 42. Calculate the remainder when 11 is divided by o.
5
Calculate the remainder when 2209 is divided by 8 + (-16 - -8) - -28.
25
Let n = 66 - 63. Let m(d) = -3*d + 18. Let t be m(6). Suppose -7*k - n*h = -3*k - 47, t = 3*k + 5*h - 38. Calculate the remainder when 109 is divided by k.
10
Let k(b) = 6*b + 87. Let t be k(-14). Suppose m - t*o = -3*m + 389, 2*m - 187 = 3*o. What is the remainder when m is divided by 26?
23
Suppose 0 = 3*u - 0*x - x + 2, 4*u + 2*x + 16 = 0. Calculate the remainder when (4/u)/((-16)/848) is divided by 6.
4
Let d = 36212 + -36122. Calculate the remainder when 5035 is divided by d.
85
Let k be 8312/32 - (-3)/12. Let j = k + -236. Calculate the remainder when 49 is divided by j.
1
Suppose -5*s + 8*s = -5*n + 1690, -s - 665 = -2*n. Calculate the remainder when n is divided by 118.
99
Suppose 2*c = -7*x + 11*x - 1298, 0 = 2*x + 4*c - 634. What is the remainder when x is divided by 162?
161
Let y = -99 - -101. Suppose -y*i - 37 = -5*b, 4*b + 4*i - 29 = 5*i. Calculate the remainder when b is divided by 2.
1
Suppose 0 = 5*z - 36 - 19. Let o be (-15)/1*(-11)/z. Calculate the remainder when 81/o + 2/(-5) is divided by 3.
2
Suppose 6*y + 30 = 0, -5*r = 538*y - 539*y - 355. Calculate the remainder when 80 is divided by r.
10
Suppose 5*d - 79 - 73 = 16*r, 2*r = -3*d + 68. Calculate the remainder when 740 is divided by d.
20
Suppose y - 72 = -2*u + 18, 180 = 4*u + y. Suppose -j = -4*w - 413 - 165, -5*w - 724 = -2*j. Let a = w + 230. What is the remainder when a is divided by u?
41
Suppose -9 = 4*z - 9. Let w(d) = -4*d + 38. Calculate the remainder when w(z) is divided by 13.
12
Let z(d) = d**2 - 11*d + 25. Let f be (-306)/(-39) + (-8)/(-52). Suppose 5*g = 4*g + f. What is the remainder when z(12) is divided by g?
5
What is the remainder when 6069 is divided by -2 + 8*(-4)/(-40)*(8 + 52)?
43
Let j = -49 + 55. Let r(a) = -a + 1. Let y be r(-5). What is the remainder when (66/9)/(4/y) is divided by j?
5
Let z(k) = 5*k - 11. Let y be z(-16). Let g = y + 99. What is the remainder when (-11)/((6/4)/(-3)) is divided by g?
6
Suppose -726 = -84*s - 37*s. Suppose 0 = v - 8 - 15. Calculate the remainder when v is divided by s.
5
Let n = -96 - -121. Let o(s) = -s**2 - 9*s - 10. Calculate the remainder when n is divided by o(-5).
5
Let l(s) = 2*s**3 + 40*s**2 - 10*s - 111. What is the remainder when 621 is divided by l(-20)?
87
Suppose -5*b - 7 = -2, -r - 2*b = -287. Suppose 11*c = -r + 806. What is the remainder when 84 is divided by c?
37
What is the remainder when (-5 - (-4)/(-2)) + (-94478)/(-97) is divided by 5?
2
Let j = -9 - -28. Suppose -3*s + 15 + 30 = 0. Let o(m) = m**3 - 15*m**2 + 5*m - 5. Calculate the remainder when o(s) is divided by j.
13
Let c(p) = 19*p**3 - 2*p - 2. Let f be c(2). Suppose 4*m = s - 23 - 39, -2*s + f = 3*m. What is the remainder when 207 is divided by s?
67
Let i = -1076 + 1531. Calculate the remainder when i is divided by 67.
53
Let q = -4 - -7. Suppose r - 2 = -0*c - c, 2*r + q*c - 2 = 0. Suppose 0 = -3*z + 8 + 1. Calculate the remainder when r is divided by z.
1
Let o(f) = -77 - 15*f - 218 - 28 + f. What is the remainder when o(-31) is divided by 60?
51
Let n(y) = -y**2 - 182*y - 8239. Suppose 5*h = 2*b + 150, -3 - 51 = -2*h + 2*b. Let x = h + -23. What is the remainder when n(-88) is divided by x?
6
Let z = -59 - -106. Suppose 0 = -5*n + 40 - 14 + 909. What is the remainder when n is divided by z?
46
Suppose -19*l + 24*l = -4*u + 74, 38 = 3*u - 5*l. Suppose 2*w + 0*w - 20 = 2*b, -w = -4*b - u. What is the remainder when 127 is divided by w?
7
Let p = 96 + -48. Let j be (p/15)/(14/(-35)). What is the remainder when 73 is divided by 1412/36 - (j/(-36) - 0)?
34
Let r = -57938 + 57947. Let j(p) = 133*p**3 + 2*p**2 - 1. What is the remainder when j(1) is divided by r?
8
Let g(b) = b**3 - 2*b**2 - b - 3. Let o be g(3). Suppose 46*f + 2*f - 960 = 0. What is the remainder when (o - 2)/((f/(-5))/(-344)) is divided by 22?
20
Let y(j) = j**2 + 7*j - 9. Let p be y(-10). Suppose -s + 20 = 5*v, p = s + 3*v + 5. What is the remainder when 257 is divided by s?
7
Let o = 5513 + -4600. What is the remainder when o is divided by 455?
3
Let g(s) = 3*s**3 - s**2 - s. Let w be g(-1). Let y(x) = 9*x**2 - x + 7. Let l = 231 + -208. Calculate the remainder when y(w) is divided by l.
22
Let c = 5203 + -4179. What is the remainder when c is divided by 3?
1
Let o be (-3)/3*(79 + -4)/(-5). Suppose -6*w = -o*w + 189. Suppose 9*j = 4*j + 520. What is the remainder when j is divided by w?
20
Suppose a - n = -14, 5*a + 2*n + n + 38 = 0. Let t be (-426)/a + (-2)/(-5). Let m = t + -19. What is the remainder when 143 is divided by m?
23
Let w be 4/6 - 12880/15. Let i = 1445 + w. Suppose -7*z + 337 = -i. What is the remainder when z is divided by 34?
30
Suppose 204 = -7*u + 10*u - 4*i, 4*i = -3*u + 228. Suppose 0 = 4*z + 2*o + 2 - u, 0 = -z + 4*o + 4. Calculate the remainder when 71 is divided by z.
7
Let b(q) = 8*q**2 + 153*q + 33. Suppose 3*t = -4*m - 61, 5*t - 5*m + 6*m + 96 = 0. Calculate the remainder when 152 is divided by b(t).
12
Let k = -4 + 7. Suppose 2*w - 155 = q, -2*q + 417 = 5*w + 7. Calculate the remainder when w is divided by 22 - ((3 - 5) + k).
17
Let h be (4/(-3))/((-20)/15). Let s(n) = -n**3 + 9*n**2 + 3. What is the remainder when s(4) is divided by 